{"id":2,"date":"2023-05-07T18:38:13","date_gmt":"2023-05-07T16:38:13","guid":{"rendered":"http:\/\/wp.cc-ludwigsburg.de\/?page_id=2"},"modified":"2025-03-31T22:28:21","modified_gmt":"2025-03-31T20:28:21","slug":"beispiel-seite","status":"publish","type":"page","link":"https:\/\/cc-ludwigsburg.de\/?page_id=2","title":{"rendered":"Geschichte"},"content":{"rendered":"\n<h3 class=\"wp-block-heading\">Der Camping-Club Ludwigsburg e.V. im DCC wurde 1968 gegr\u00fcndet<\/h3>\n\n\n\n<p>Seit 1973 betreibt er einen vereinseigenen Campingplatz in Buchhorn am See auf einem ca. 3 ha gro\u00dfen, gepachteten Gel\u00e4nde, das die Landwirte Gr\u00fcn und Ziegler zur Verf\u00fcgung gestellt haben. Alle Einrichtungen wurden von Clubmitgliedern in Eigenarbeit angelegt und ausgebaut. Die laufenden Instandhaltungsarbeiten werden ebenfalls von den Clubmitgliedern durchgef\u00fchrt.<\/p>\n\n\n\n<p>Es ist ein aktiver Club, der sich zum Ziel gesetzt hat, die Naturverbundenheit der im Deutschen Camping-Club organisierten Zelt- und Caravanwanderer zu f\u00f6rdern und ihnen zum Ausgleich vom Berufsleben und zum Erhalt ihrer Gesundheit durch k\u00f6rperliche und geistige Entspannung eine sinnvolle Gestaltung ihrer Freizeit zu erm\u00f6glichen. \u00dcber neue Clubmitglieder w\u00fcrden wir uns sehr freuen. Mitglied kann jeder werden. Voraussetzung ist die Mitgliedschaft im Deutschen Camping-Club e.V.<\/p>\n\n\n\n<p>Wir bieten g\u00fcnstige Stellplatzpacht auf einem gepflegten Campingplatz, saubere Sanit\u00e4re Anlagen, eine neue Vereinsgastst\u00e4tte, Jugendarbeit und viele interessante Aktivit\u00e4ten.<\/p>\n\n\n\n<p>Interessenten k\u00f6nnen per eMail oder telefonisch mit einem unserer Vorst\u00e4nde Kontakt aufnehmen, oder zu einem unserer Clubabende in der Vereinsgastst\u00e4tte kommen.<\/p>\n","protected":false},"excerpt":{"rendered":"<p>Der Camping-Club Ludwigsburg e.V. im DCC wurde 1968 gegr\u00fcndet Seit 1973 betreibt er einen vereinseigenen Campingplatz in Buchhorn am See auf einem ca. 3 ha gro\u00dfen, gepachteten Gel\u00e4nde, das die Landwirte Gr\u00fcn und Ziegler zur Verf\u00fcgung gestellt haben. Alle Einrichtungen wurden von Clubmitgliedern in Eigenarbeit angelegt und ausgebaut. Die laufenden Instandhaltungsarbeiten werden ebenfalls von den [&hellip;]<\/p>\n","protected":false},"author":1,"featured_media":0,"parent":0,"menu_order":0,"comment_status":"closed","ping_status":"open","template":"","meta":{"_uag_custom_page_level_css":"","site-sidebar-layout":"default","site-content-layout":"","ast-site-content-layout":"default","site-content-style":"default","site-sidebar-style":"default","ast-global-header-display":"","ast-banner-title-visibility":"","ast-main-header-display":"","ast-hfb-above-header-display":"","ast-hfb-below-header-display":"","ast-hfb-mobile-header-display":"","site-post-title":"","ast-breadcrumbs-content":"","ast-featured-img":"","footer-sml-layout":"","ast-disable-related-posts":"","theme-transparent-header-meta":"","adv-header-id-meta":"","stick-header-meta":"","header-above-stick-meta":"","header-main-stick-meta":"","header-below-stick-meta":"","astra-migrate-meta-layouts":"set","ast-page-background-enabled":"default","ast-page-background-meta":{"desktop":{"background-color":"var(--ast-global-color-4)","background-image":"","background-repeat":"repeat","background-position":"center center","background-size":"auto","background-attachment":"scroll","background-type":"","background-media":"","overlay-type":"","overlay-color":"","overlay-opacity":"","overlay-gradient":""},"tablet":{"background-color":"","background-image":"","background-repeat":"repeat","background-position":"center center","background-size":"auto","background-attachment":"scroll","background-type":"","background-media":"","overlay-type":"","overlay-color":"","overlay-opacity":"","overlay-gradient":""},"mobile":{"background-color":"","background-image":"","background-repeat":"repeat","background-position":"center center","background-size":"auto","background-attachment":"scroll","background-type":"","background-media":"","overlay-type":"","overlay-color":"","overlay-opacity":"","overlay-gradient":""}},"ast-content-background-meta":{"desktop":{"background-color":"var(--ast-global-color-5)","background-image":"","background-repeat":"repeat","background-position":"center center","background-size":"auto","background-attachment":"scroll","background-type":"","background-media":"","overlay-type":"","overlay-color":"","overlay-opacity":"","overlay-gradient":""},"tablet":{"background-color":"var(--ast-global-color-5)","background-image":"","background-repeat":"repeat","background-position":"center center","background-size":"auto","background-attachment":"scroll","background-type":"","background-media":"","overlay-type":"","overlay-color":"","overlay-opacity":"","overlay-gradient":""},"mobile":{"background-color":"var(--ast-global-color-5)","background-image":"","background-repeat":"repeat","background-position":"center center","background-size":"auto","background-attachment":"scroll","background-type":"","background-media":"","overlay-type":"","overlay-color":"","overlay-opacity":"","overlay-gradient":""}},"footnotes":""},"class_list":["post-2","page","type-page","status-publish","hentry"],"uagb_featured_image_src":{"full":false,"thumbnail":false,"medium":false,"medium_large":false,"large":false,"1536x1536":false,"2048x2048":false,"sow-carousel-default":false},"uagb_author_info":{"display_name":"phkraem","author_link":"https:\/\/cc-ludwigsburg.de\/?author=1"},"uagb_comment_info":0,"uagb_excerpt":"Der Camping-Club Ludwigsburg e.V. im DCC wurde 1968 gegr\u00fcndet Seit 1973 betreibt er einen vereinseigenen Campingplatz in Buchhorn am See auf einem ca. 3 ha gro\u00dfen, gepachteten Gel\u00e4nde, das die Landwirte Gr\u00fcn und Ziegler zur Verf\u00fcgung gestellt haben. Alle Einrichtungen wurden von Clubmitgliedern in Eigenarbeit angelegt und ausgebaut. Die laufenden Instandhaltungsarbeiten werden ebenfalls von den&hellip;","_links":{"self":[{"href":"https:\/\/cc-ludwigsburg.de\/index.php?rest_route=\/wp\/v2\/pages\/2","targetHints":{"allow":["GET"]}}],"collection":[{"href":"https:\/\/cc-ludwigsburg.de\/index.php?rest_route=\/wp\/v2\/pages"}],"about":[{"href":"https:\/\/cc-ludwigsburg.de\/index.php?rest_route=\/wp\/v2\/types\/page"}],"author":[{"embeddable":true,"href":"https:\/\/cc-ludwigsburg.de\/index.php?rest_route=\/wp\/v2\/users\/1"}],"replies":[{"embeddable":true,"href":"https:\/\/cc-ludwigsburg.de\/index.php?rest_route=%2Fwp%2Fv2%2Fcomments&post=2"}],"version-history":[{"count":4,"href":"https:\/\/cc-ludwigsburg.de\/index.php?rest_route=\/wp\/v2\/pages\/2\/revisions"}],"predecessor-version":[{"id":1326,"href":"https:\/\/cc-ludwigsburg.de\/index.php?rest_route=\/wp\/v2\/pages\/2\/revisions\/1326"}],"wp:attachment":[{"href":"https:\/\/cc-ludwigsburg.de\/index.php?rest_route=%2Fwp%2Fv2%2Fmedia&parent=2"}],"curies":[{"name":"wp","href":"https:\/\/api.w.org\/{rel}","templated":true}]}}