{"id":1232,"date":"2025-02-24T15:45:10","date_gmt":"2025-02-24T14:45:10","guid":{"rendered":"https:\/\/cc-ludwigsburg.de\/?page_id=1232"},"modified":"2026-01-05T19:58:11","modified_gmt":"2026-01-05T18:58:11","slug":"herzlich-willkommen","status":"publish","type":"page","link":"https:\/\/cc-ludwigsburg.de\/","title":{"rendered":"Herzlich Willkommen"},"content":{"rendered":"\n<div class=\"wp-block-columns is-layout-flex wp-container-core-columns-is-layout-28f84493 wp-block-columns-is-layout-flex\">\n<div class=\"wp-block-column is-layout-flow wp-block-column-is-layout-flow\" style=\"flex-basis:50%\">\n<p>Liebe G\u00e4ste, Liebe Campingfreunde,<\/p>\n\n\n\n<p>wir, der Campingclub Ludwigsburg e.V. im DCC,&nbsp; freuen uns,<br>Sie auf unserm Campingplatz begr\u00fc\u00dfen zu d\u00fcrfen.<\/p>\n\n\n\n<p>Wir bieten ganzj\u00e4hrig feste Pl\u00e4tze f\u00fcr Mitglieder,<br>sowie Touristenpl\u00e4tze in ruhigem Umfeld,<br>in&nbsp; Buchhorn am See im sch\u00f6nen Hohenloher Land, an.<\/p>\n\n\n\n<p>Der Campingplatz ist von <strong>01. M\u00e4rz <\/strong>bis <strong>30. November <\/strong>ge\u00f6ffnet.<\/p>\n\n\n\n<p><strong>Bitte <\/strong><strong>beachten<\/strong>:<\/p>\n\n\n\n<p><strong>Anreise<\/strong> von <strong>14:30 <\/strong>Uhr bis <strong>19:00<\/strong> Uhr.<\/p>\n\n\n\n<p><strong>Abreise<\/strong> bis <strong>11:30<\/strong> Uhr.<\/p>\n\n\n\n<p>Wenn Sie \u00fcber die <strong>Autobahn A6 anreisen<\/strong>,&nbsp; nehmen<br>Sie bitte die <strong>Ausfahrt&nbsp; 40<\/strong><strong>!<\/strong><\/p>\n\n\n\n<p>Wir freuen uns auf Ihren Besuch. Ihr Campingclub Ludwigsburg e.V. im DCC<\/p>\n<\/div>\n\n\n\n<div class=\"wp-block-column is-layout-flow wp-block-column-is-layout-flow\" style=\"flex-basis:50%\">\n<figure class=\"wp-block-image alignright size-full\"><a href=\"https:\/\/cc-ludwigsburg.de\/?p=287\"><img loading=\"lazy\" decoding=\"async\" width=\"402\" height=\"187\" src=\"https:\/\/cc-ludwigsburg.de\/wp-content\/uploads\/2026\/01\/Rallye_Start_2026.jpg\" alt=\"\" class=\"wp-image-1558\" srcset=\"https:\/\/cc-ludwigsburg.de\/wp-content\/uploads\/2026\/01\/Rallye_Start_2026.jpg 402w, https:\/\/cc-ludwigsburg.de\/wp-content\/uploads\/2026\/01\/Rallye_Start_2026-300x140.jpg 300w\" sizes=\"auto, (max-width: 402px) 100vw, 402px\" \/><\/a><\/figure>\n\n\n\n<figure class=\"wp-block-image alignright size-full\"><img loading=\"lazy\" decoding=\"async\" width=\"402\" height=\"366\" src=\"https:\/\/cc-ludwigsburg.de\/wp-content\/uploads\/2025\/02\/CCLB-Start.jpg\" alt=\"\" class=\"wp-image-1229\" srcset=\"https:\/\/cc-ludwigsburg.de\/wp-content\/uploads\/2025\/02\/CCLB-Start.jpg 402w, https:\/\/cc-ludwigsburg.de\/wp-content\/uploads\/2025\/02\/CCLB-Start-300x273.jpg 300w\" sizes=\"auto, (max-width: 402px) 100vw, 402px\" \/><\/figure>\n<\/div>\n<\/div>\n","protected":false},"excerpt":{"rendered":"<p>Liebe G\u00e4ste, Liebe Campingfreunde, wir, der Campingclub Ludwigsburg e.V. im DCC,&nbsp; freuen uns,Sie auf unserm Campingplatz begr\u00fc\u00dfen zu d\u00fcrfen. Wir bieten ganzj\u00e4hrig feste Pl\u00e4tze f\u00fcr Mitglieder,sowie Touristenpl\u00e4tze in ruhigem Umfeld,in&nbsp; Buchhorn am See im sch\u00f6nen Hohenloher Land, an. Der Campingplatz ist von 01. M\u00e4rz bis 30. November ge\u00f6ffnet. Bitte beachten: Anreise von 14:30 Uhr bis [&hellip;]<\/p>\n","protected":false},"author":4,"featured_media":0,"parent":0,"menu_order":0,"comment_status":"closed","ping_status":"closed","template":"","meta":{"_uag_custom_page_level_css":"","site-sidebar-layout":"default","site-content-layout":"","ast-site-content-layout":"default","site-content-style":"default","site-sidebar-style":"default","ast-global-header-display":"","ast-banner-title-visibility":"","ast-main-header-display":"","ast-hfb-above-header-display":"","ast-hfb-below-header-display":"","ast-hfb-mobile-header-display":"","site-post-title":"","ast-breadcrumbs-content":"","ast-featured-img":"","footer-sml-layout":"","ast-disable-related-posts":"","theme-transparent-header-meta":"default","adv-header-id-meta":"","stick-header-meta":"","header-above-stick-meta":"","header-main-stick-meta":"","header-below-stick-meta":"","astra-migrate-meta-layouts":"set","ast-page-background-enabled":"default","ast-page-background-meta":{"desktop":{"background-color":"var(--ast-global-color-4)","background-image":"","background-repeat":"repeat","background-position":"center center","background-size":"auto","background-attachment":"scroll","background-type":"","background-media":"","overlay-type":"","overlay-color":"","overlay-opacity":"","overlay-gradient":""},"tablet":{"background-color":"","background-image":"","background-repeat":"repeat","background-position":"center center","background-size":"auto","background-attachment":"scroll","background-type":"","background-media":"","overlay-type":"","overlay-color":"","overlay-opacity":"","overlay-gradient":""},"mobile":{"background-color":"","background-image":"","background-repeat":"repeat","background-position":"center center","background-size":"auto","background-attachment":"scroll","background-type":"","background-media":"","overlay-type":"","overlay-color":"","overlay-opacity":"","overlay-gradient":""}},"ast-content-background-meta":{"desktop":{"background-color":"var(--ast-global-color-5)","background-image":"","background-repeat":"repeat","background-position":"center center","background-size":"auto","background-attachment":"scroll","background-type":"","background-media":"","overlay-type":"","overlay-color":"","overlay-opacity":"","overlay-gradient":""},"tablet":{"background-color":"var(--ast-global-color-5)","background-image":"","background-repeat":"repeat","background-position":"center center","background-size":"auto","background-attachment":"scroll","background-type":"","background-media":"","overlay-type":"","overlay-color":"","overlay-opacity":"","overlay-gradient":""},"mobile":{"background-color":"var(--ast-global-color-5)","background-image":"","background-repeat":"repeat","background-position":"center center","background-size":"auto","background-attachment":"scroll","background-type":"","background-media":"","overlay-type":"","overlay-color":"","overlay-opacity":"","overlay-gradient":""}},"footnotes":""},"class_list":["post-1232","page","type-page","status-publish","hentry"],"uagb_featured_image_src":{"full":false,"thumbnail":false,"medium":false,"medium_large":false,"large":false,"1536x1536":false,"2048x2048":false,"sow-carousel-default":false},"uagb_author_info":{"display_name":"Kai Volkenborn","author_link":"https:\/\/cc-ludwigsburg.de\/?author=4"},"uagb_comment_info":0,"uagb_excerpt":"Liebe G\u00e4ste, Liebe Campingfreunde, wir, der Campingclub Ludwigsburg e.V. im DCC,&nbsp; freuen uns,Sie auf unserm Campingplatz begr\u00fc\u00dfen zu d\u00fcrfen. Wir bieten ganzj\u00e4hrig feste Pl\u00e4tze f\u00fcr Mitglieder,sowie Touristenpl\u00e4tze in ruhigem Umfeld,in&nbsp; Buchhorn am See im sch\u00f6nen Hohenloher Land, an. Der Campingplatz ist von 01. M\u00e4rz bis 30. November ge\u00f6ffnet. Bitte beachten: Anreise von 14:30 Uhr bis&hellip;","_links":{"self":[{"href":"https:\/\/cc-ludwigsburg.de\/index.php?rest_route=\/wp\/v2\/pages\/1232","targetHints":{"allow":["GET"]}}],"collection":[{"href":"https:\/\/cc-ludwigsburg.de\/index.php?rest_route=\/wp\/v2\/pages"}],"about":[{"href":"https:\/\/cc-ludwigsburg.de\/index.php?rest_route=\/wp\/v2\/types\/page"}],"author":[{"embeddable":true,"href":"https:\/\/cc-ludwigsburg.de\/index.php?rest_route=\/wp\/v2\/users\/4"}],"replies":[{"embeddable":true,"href":"https:\/\/cc-ludwigsburg.de\/index.php?rest_route=%2Fwp%2Fv2%2Fcomments&post=1232"}],"version-history":[{"count":7,"href":"https:\/\/cc-ludwigsburg.de\/index.php?rest_route=\/wp\/v2\/pages\/1232\/revisions"}],"predecessor-version":[{"id":1561,"href":"https:\/\/cc-ludwigsburg.de\/index.php?rest_route=\/wp\/v2\/pages\/1232\/revisions\/1561"}],"wp:attachment":[{"href":"https:\/\/cc-ludwigsburg.de\/index.php?rest_route=%2Fwp%2Fv2%2Fmedia&parent=1232"}],"curies":[{"name":"wp","href":"https:\/\/api.w.org\/{rel}","templated":true}]}}